/j)/7. Calculate the greatest common divisor of s and 8.
8
Let m(o) = o**2 + 32*o - 56. Let d be m(-17). Let p = d + 371. What is the greatest common factor of 30 and p?
30
Let m = 26 - -20. Let g be (1*-123)/(70 + -69). Let b = 238 + g. Calculate the highest common divisor of b and m.
23
Let a be 3/(2 - (0 + 1)). Let m = -37315 - -37636. Calculate the highest common divisor of m and a.
3
Let r be ((-3)/2)/(12/(-64)). Let y(a) = 10*a + 8. Let q be y(r). Suppose -526 = -8*m - 438. Calculate the highest common divisor of m and q.
11
Let o be ((-235)/(-10) - 0)*(1 - -1). Suppose 452 = 4*x - a, -5*a - 309 - o = -3*x. What is the greatest common factor of 16 and x?
16
Suppose -126*r = -42425 + 3969 - 45334. What is the highest common factor of 210 and r?
35
Suppose 0*r = 5*r - 5. Let j(o) = o**3 - 20*o**2 - 62*o + 869. Let m be j(21). Calculate the greatest common divisor of r and m.
1
Let d be 4/(6 - 2) - 53. Let n be 8/52 - 20792/d. What is the highest common divisor of 25 and n?
25
Suppose 3*t = 2*x - 2347, 0 = -4*t + 110*x - 108*x - 3128. Let s = -769 - t. What is the highest common divisor of 852 and s?
12
Let s be 8/(-1*7/(-434)). Let z = 505 - s. Calculate the highest common factor of z and 171.
9
Suppose w - 27 = 21. Suppose 4*r = 5*z - 38 - 8, 0 = -3*r - 12. What is the greatest common divisor of w and z?
6
Let c(n) = -33*n - 3. Let a be c(-2). Let b = -3701 - -3715. Calculate the highest common factor of b and a.
7
Let i be (-13)/(78/4) - (-10)/15. Let m(f) = -50*f + 150. Let j be m(i). Calculate the highest common factor of j and 100.
50
Let s = 5 - 7. Let y be 2/4 + (-177)/(-6) + s. Suppose -y*k + 288 = -24*k. Calculate the greatest common divisor of k and 9.
9
Let o(u) = -22*u - 3. Let x be o(-8). Let m = 272 - x. Calculate the greatest common divisor of 33 and m.
33
Suppose 34 = 2*k - 2*o - 20, -54 = -2*k + 5*o. Let z(p) = -p + 3*p + 3*p - 6*p + 43. Let u be z(16). Calculate the highest common divisor of u and k.
27
Suppose 3*p = -r + 90, 3*r = -5*p + 43 + 111. Calculate the greatest common divisor of 1189 and p.
29
Let z(j) = j - 5 - 5 + 8. Suppose 4*n = n + 9. Let f be z(n). Calculate the highest common factor of 4 and f.
1
Let y = 48 + -46. Suppose -5*v = y*a - 8*v - 54, 3*a + 3*v - 96 = 0. Calculate the highest common factor of a and 10.
10
Suppose 108*k - 12626 = 14266. Calculate the highest common divisor of k and 4150.
83
Let o = 29 - 18. Let p(u) = -14*u - 109. Let i be p(-27). Suppose -i = -n - 93. What is the greatest common factor of o and n?
11
Suppose 0 = 24*u - 7277 - 5947. Calculate the greatest common factor of 87 and u.
29
Let m(v) be the third derivative of v**5/20 - v**4/4 + 7*v**3/6 + 71*v**2 + 4. Let f = -1 + 4. Let p be m(f). What is the greatest common factor of 48 and p?
16
Let i = 385 - 386. Let q = 22 - i. What is the greatest common divisor of 23 and q?
23
Let u = 427 - 457. Let x be (-654)/u - 1/(-5). Suppose 3*i - 4 = 2. What is the greatest common factor of i and x?
2
Let t be ((-3)/4)/(5/20). Let v be (86 - -3)*(0 - t). Suppose 0 = 2*s + 3 - v. What is the greatest common divisor of s and 33?
33
Suppose -14*d + 32 = -45*d + 218. Calculate the highest common divisor of d and 6786.
6
Let y = 7861 + -3966. Calculate the highest common divisor of y and 410.
205
Let q be 588 + 6*2/12. Let d = q + -414. What is the greatest common divisor of d and 50?
25
Let y(t) = 11*t + 1276. Let r be y(25). What is the greatest common factor of r and 94?
47
Let n be 1*4*(1 + 4). Suppose 5399 = 26*b - 2427. Suppose 3*z + 2*t = 182, 2*t - t - b = -5*z. What is the highest common factor of z and n?
20
Let h = 49 - 19. What is the highest common divisor of h and 24?
6
Let r(t) = 38*t + 3235. Let i be r(-85). Calculate the greatest common divisor of 12895 and i.
5
Suppose 4*i + i = p - 131, i - 398 = -4*p. What is the highest common factor of p and 11009?
101
Let l = 272 + -242. Suppose 3376 = -p - 3*p. Let u be p/(-14) - 8/28. Calculate the highest common factor of u and l.
30
Suppose 434*c - 480*c = -2898. What is the highest common factor of c and 45?
9
Suppose -11*d + 1715 = -1541. Let k = 323 - d. What is the greatest common divisor of k and 24?
3
Let x(f) = -5*f - 3. Let a be x(5). Suppose 5*k = 2*u - 112, -23*u + 27*u - 3*k = 196. Let m = u + a. Calculate the highest common factor of m and 36.
18
Let v = -6 + 34. Suppose 0 = 25*d - v*d + 207. Let f = 97 - d. What is the greatest common factor of 42 and f?
14
Let a = -2110 - -2453. Calculate the greatest common factor of a and 21.
7
Let s be (-8)/(-3)*27/(-18). Let u(b) be the second derivative of -7*b**3/6 - 4*b**2 + b. Let k be u(s). Calculate the highest common divisor of k and 160.
20
Let t be 2/(-7) + (8748/14)/3. Calculate the highest common divisor of t and 8.
8
Suppose 80*q = 84*q - 132. Calculate the highest common factor of 3597 and q.
33
Suppose 5*x = -34*x + 4680. What is the highest common factor of x and 408?
24
Let h(n) = -181*n - 116. Let w be h(-7). Let y = w + -1147. Suppose 0 = 3*t - 5*v - 1, 4*t + 5*v = v + 12. Calculate the greatest common divisor of t and y.
2
Let s(d) = -8*d**2 - 87*d + 35. Let g be s(-10). Calculate the greatest common factor of 2275 and g.
35
Let b(p) = p**3 + 26*p**2 - 154*p + 77. Let g be b(-31). What is the greatest common factor of 8303 and g?
23
Let s(q) = 16*q + 5*q - 16*q - 52 + 700. Let j be s(0). Calculate the greatest common factor of j and 54.
54
Let o be ((-66)/21)/(-11) - (-2840)/7. Suppose 5*t = 2*n + 66, -t = -3*t + 3*n + 22. What is the greatest common divisor of o and t?
14
Suppose -30*h + 45 = -405. Let g = 52 + -28. Let t = g - h. Calculate the greatest common factor of t and 117.
9
Let v(r) = -26*r + 6. Let p be v(1). Let u be 1/5 + (-5 - 1816/p). Let m = -77 + u. Calculate the greatest common factor of m and 9.
9
Let a = 39 - 0. Let g be a/(-39)*6/(-1). Calculate the highest common divisor of 120 and g.
6
Suppose c = 13 + 32. Let k(j) = j**3 - 2*j**2 + 2*j + 15. Suppose -4 + 4 = -y. Let h be k(y). Calculate the greatest common factor of h and c.
15
Let s be (267/(-356))/((-3)/616). Calculate the highest common divisor of 98 and s.
14
Let x(j) = -7*j**3 + 2*j**2 - 5. Let w be x(-4). Let n be (2/3)/(2 - w/240). Calculate the greatest common divisor of n and 64.
32
Suppose 2*z + 3*k - 26 = 0, -3*z + 56 = -5*k - 40. Calculate the greatest common divisor of 5302 and z.
22
Let x be 34/((6/168)/1). Suppose -20*y + x = -6*y. What is the highest common divisor of 16 and y?
4
Let w = -103 + 1328. What is the highest common factor of 75 and w?
25
Suppose -6*y = 5*y - 187. Let d = y - 14. Suppose n = a + 18, d*n - 83 = -2*n - 2*a. Calculate the greatest common divisor of n and 51.
17
Suppose 0*y - 136 = -4*y. Suppose -y*u = -25*u - 10224. What is the greatest common divisor of u and 71?
71
Suppose j - 4*j = -492. Let b = -138245 - -138368. Calculate the greatest common divisor of j and b.
41
Let z(y) = 428*y - 1980. Let p be z(5). What is the highest common factor of p and 3320?
40
Suppose -4 = b, 5867 = 3*m - 5*b - 7725. Calculate the highest common divisor of m and 260.
52
Let i be 5 - 5/((-25)/15). Suppose 17*u - i*u = 243. Calculate the greatest common factor of 12 and u.
3
Let c = -3 + 52. Let q be ((-9)/(-6))/((-6)/(-184)). Suppose 0 = n - c + q. What is the highest common divisor of n and 9?
3
Let g be 140/(-175) + 4/5. Suppose g = 2*l + 697 - 725. Calculate the greatest common divisor of l and 2.
2
Let w = 233 + -111. Let h = -52 + w. What is the greatest common factor of h and 35?
35
Let y = -58 + 186. Let r(v) be the second derivative of v**4/12 + 3*v**3/2 + 25*v**2 - 84*v. Let f be r(-6). Calculate the highest common divisor of f and y.
32
Let u be (372/(-60) + 5)/((-18)/12915). Calculate the greatest common factor of u and 966.
21
Suppose 2252 = 5*m - 3*w + 46, -w + 3 = 0. Let u = m - 387. Calculate the highest common factor of 616 and u.
56
Let o(v) = -2*v + 14. Let l be o(-4). Let p = 27 - l. Suppose 2*i - 9 = -5*f, -p*i - 4*f - f = -15. Calculate the highest common factor of 18 and i.
2
Suppose -t - 3*r + 46264 = -7*r, 3*t - r = 138847. Calculate the highest common factor of t and 14.
14
Let k be 1/((-10)/(-6) - (-20)/(-30)). Suppose i - k = -107. Let t = -91 - i. What is the greatest common divisor of 